4 = -89. Suppose 2*r = -2*m + f, 5*r - 488 = m - 5*m. Is m a composite number?
False
Suppose 6378 = 3*v - 735. Is v prime?
True
Let h(p) = -p**2 + 17*p - 22. Let u be h(16). Is ((-2)/8)/(u/25848) a composite number?
True
Let k = 1646 + -738. Let x = -561 + k. Is x composite?
False
Suppose -2*q - 5*g = -46474, -147997 = -4*q + 5*g - 55109. Is q prime?
True
Let r = 419 + 8868. Is r composite?
True
Is (-3)/(-2)*1712/12 prime?
False
Is (-2 - 3)*-1 + 2766 a composite number?
True
Let l(g) = g**2 - g. Let c be l(2). Suppose -3*h - c = -4*h. Suppose -4*j + 312 = -2*y, -h*y + 77 = 2*j - 85. Is j composite?
False
Suppose -4*z = 4*i - 18172, 7*z + 12 = 4*z. Is i composite?
False
Suppose -35*i + 32*i - 2*a = -60855, 101429 = 5*i + 2*a. Is i composite?
False
Let u be 1 + (1 - 0) + (-2 - 1473). Let o = 3320 + u. Is o prime?
True
Suppose -m + 2548 - 707 = 0. Let j = 6 + m. Is j prime?
True
Suppose 14*j + 22921 = 15*j + b, -2*j = -5*b - 45842. Is j prime?
True
Suppose 2*q - 5*j + 16 = 0, -4*j + 15 = -3*q + 5. Let h(f) = 5 + 9 - 4 + f**q. Is h(7) composite?
False
Let h be ((-2)/(-2))/((-18)/(-90)). Suppose 4*n - 3*n = -h, -4*n = 4*q - 9688. Is q composite?
True
Let g = -1 - 1. Let p(z) be the second derivative of z**4/6 + z**3/6 + z**2/2 + 5*z. Is p(g) composite?
False
Suppose -5*d + l + 10 = -0*d, -5*d = -5*l - 30. Suppose 5*t - 60 = -3*j, -2*t - 3*j + 32 = -d. Is t prime?
False
Let x(w) be the first derivative of 1/3*w**3 + 6 + 3*w + 1/4*w**4 - w**2. Is x(5) composite?
True
Let f(p) = 12*p**2 + 12*p - 23. Is f(16) composite?
True
Let x(q) be the third derivative of 3/20*q**5 + 5*q**2 + 0 + 11/6*q**3 - 7/24*q**4 + 0*q. Is x(5) a composite number?
True
Let w(d) = -40*d - 1. Suppose 7*k + 24 = -11. Is w(k) composite?
False
Suppose 0 = 5*h - s - 1465, 2*s = -2*s. Is h composite?
False
Let x be (4 + -6 - 10)*(-1069)/2. Is (-1 - 12/(-20)) + x/10 composite?
False
Suppose -19632 = -3*q - 3*w, 19048 + 596 = 3*q - w. Let v = q - 3430. Is v a prime number?
False
Let l(t) = 2202*t**3 + 2*t**2 - 1. Let q be l(1). Suppose 0 = -2*f + s + q + 1756, f + 2*s = 1977. Is f a prime number?
True
Let b be 410/50 + 2/(-10). Let l(s) = s**2 - 8*s + 4. Let h be l(b). Suppose -5*y + 105 = 5*t, h*t - y - 92 = 3*y. Is t a composite number?
True
Let l be 2 + (4/2)/2. Suppose -253 = 5*b + 3*z, 6*b - 4*z + 175 = l*b. Let y = b - -180. Is y a composite number?
False
Let g = 66 - 58. Let p(s) = s**2 + 3*s - 1. Is p(g) a composite number?
True
Let u = 656 - 293. Suppose -4*x + u = -2369. Is x prime?
True
Let u(f) = 13954*f**2 + 5*f + 2. Is u(-1) a composite number?
True
Let o(y) = -y**2 - 75*y + 135. Is o(-44) prime?
True
Let f = 95 + 1. Let k(x) = 2*x**3 + 3*x**2 - 3*x + 7. Let l be k(-6). Let v = f - l. Is v prime?
False
Let y(a) = a**2 - 4*a + 4. Let k(s) = 5*s**2 + 12*s - 4. Let q(g) = 4*g**2 + 11*g - 4. Let o(r) = -3*k(r) + 4*q(r). Let h be o(-7). Is y(h) composite?
True
Suppose -7*x - 9394 = -14*x. Is x/2 + (12 - 10) prime?
True
Let q(w) be the first derivative of 131*w**3/3 - w**2 - 53*w - 11. Let f(b) = -44*b**2 + b + 18. Let x(s) = 17*f(s) + 6*q(s). Is x(-5) a composite number?
True
Is 773 - (-28)/24*-6 prime?
False
Suppose 7*h - 12503 = 117662. Is h prime?
False
Suppose -5*c = -8960 - 14935. Suppose k = 5*o - 3021 - 1752, -2*k + c = 5*o. Is o a prime number?
False
Let m(g) be the second derivative of -9*g**5/20 - 13*g**4/24 + g**3 - 13*g. Let o(w) be the second derivative of m(w). Is o(-15) a prime number?
True
Suppose 4*a + 0*h - 17573 = h, -a = 4*h - 4389. Is a a composite number?
True
Let l = -13 - -15. Is -233*(4 - 10/l) prime?
True
Let t be (4/(-6))/((-18)/81). Let h(l) = 118*l**3 + 2*l**2 - l - 6. Let u be h(t). Suppose u = 3*j - 4*b, -2*j = j + b - 3210. Is j a prime number?
True
Suppose -4*j - 234 = -7*j. Let s = 147 - j. Let c = s - -224. Is c a composite number?
False
Let u(n) = -n**3 + 6*n**2 + 14*n + 12. Let g be 3/6*13*(3 + -5). Is u(g) composite?
False
Let d = 700 + -145. Suppose 894 = 4*i + 2*b, -5*i - b + 561 = -d. Is i prime?
True
Let o = 34 - 42. Is 6 + 0 + (-8)/o composite?
False
Let f = -555 - 297. Let q = 1535 + f. Is q prime?
True
Suppose -3*z + 2 + 3 = s, -5*z + 11 = -s. Let m be (z*-3)/(24/(-320)). Let d = 243 - m. Is d a prime number?
True
Let c(o) = -2790*o**3 + 7*o**2 + 9*o + 1. Is c(-1) a prime number?
True
Suppose -9*b + 538 = -7*b. Let j = 760 - b. Is j prime?
True
Let k(i) = -i**3 - 10*i**2 + 11*i + 1. Let a(y) = -y**2 - 10*y + 13. Let w be a(-12). Let l be k(w). Is -2 + 2 + 24 + l prime?
False
Let w(y) = -60*y**3 + 3*y**2 - 2*y - 13. Is w(-4) composite?
True
Let c(y) = -y**3 - 7*y**2 + 8*y + 6. Let v be c(-8). Let i be -1 - 2/v*-3. Suppose q - 21 - 13 = i. Is q composite?
True
Let o(l) = -2*l**2 + 7*l - 13. Let g be o(12). Let v = g + 389. Let a = v + -9. Is a a composite number?
False
Is (-6)/((-60)/246070) - -4 a composite number?
False
Let y(n) = 1690*n**2 - 7. Is y(-2) a composite number?
True
Suppose 4*q - 3*s = 185531, 4*q + s + 30737 - 216280 = 0. Is q composite?
True
Let f(q) = -q - 16. Let c be f(0). Suppose -p = -24 - 1. Let z = c + p. Is z prime?
False
Let d be (-231)/28 - (-2)/8. Let m(f) = -4 + 2 - 22*f + 11. Is m(d) composite?
True
Let a(v) = -122*v. Let x be a(-6). Let g = 337 - x. Is g/(-1)*(-27)/(-45) composite?
True
Let r be (-28)/(-12) + -2 + 94/6. Is 2/(-2)*(r + -323) prime?
True
Let a = 26 + -13. Let j(z) = -15*z - 23. Let x(d) = 8*d + 12. Let u(v) = 3*j(v) + 7*x(v). Is u(a) a composite number?
True
Let x(d) = -d**2 + 13*d - 33. Let n be x(4). Is (1 + n)*-1 + 1073 a prime number?
True
Let o be (9 + 5)/(2/5). Let t be (-11420)/o + 4/14. Let b = t + 633. Is b a composite number?
False
Suppose -3*c - c - 144 = 4*y, -36 = c + 3*y. Is 1988/6 + (-3)/c*-4 prime?
True
Is (-88)/66*(-347265)/12 a prime number?
False
Suppose -117041 - 139051 = -12*r. Is r a prime number?
True
Let s(j) = 13*j + j**3 - 1 - 5 + 0 - 1. Is s(6) composite?
True
Suppose -4*w = z - 43329, -4*w + 11*z + 43304 = 7*z. Is w composite?
False
Suppose g - 11 = 3*l - 34, -5*l = 4*g - 10. Suppose -2307 = 3*x - l*x. Is x prime?
True
Suppose 15121 = -15*o - 9839. Let g = o + 2779. Is g a prime number?
False
Let h = 4 - 3. Let t(g) be the third derivative of 97*g**5/10 + g**3/6 - 142*g**2. Is t(h) prime?
False
Let r(d) = -4830*d + 137. Is r(-5) prime?
False
Let r = 2194 - 1887. Is r a prime number?
True
Suppose 5*g - g - 3*x + 448 = 0, 0 = 4*g + 5*x + 480. Suppose -278 = -y - 14. Let z = g + y. Is z composite?
False
Suppose 0 = -5*u + 5*i + 15, 2*u - 3*i - i = 2. Let c be (21/u)/((-3)/45). Is 14/c + 695/9 a prime number?
False
Let l be 1/(-3) + 50/15. Suppose -4*g - 935 = 5*a, l*g = 2*a + g + 356. Let m = 266 + a. Is m a composite number?
False
Suppose 0 = -4*d + 10249 + 67. Is d prime?
True
Suppose 0 = -9*t + 277 + 10316. Is t a composite number?
True
Let b = -1023 - -1076. Is b a composite number?
False
Is ((-2)/6)/(654828/(-93546) - -7) composite?
False
Let r(z) = -50*z - 9. Let s be 3/(-2)*(-60)/(-9). Is r(s) a composite number?
False
Let s = -5393 + 11051. Let t = s + -3797. Is t composite?
False
Suppose 22*i - 19*i - 54345 = 0. Is i prime?
False
Suppose -11*u = -9*u + g - 12891, 2*g + 12876 = 2*u. Is u prime?
False
Suppose -6587 = 3*w - 22358. Is w composite?
True
Is (-2)/14 + (-36168)/(-42) + -2 a composite number?
False
Let g(a) = -2*a**2 + 10 - 4*a**2 - a**3 + a - 4*a**2. Let r be g(-10). Suppose r = 2*y - 310 - 4. Is y composite?
False
Suppose -5*f + 8555 = 5*u, -f = 4*f - 15. Suppose -4*z + 3851 = -3*l, -l + u = 3*z - 1164. Is z prime?
False
Suppose 4*w - 810 = 690. Let h = 92 + w. Is h a prime number?
True
Let v(l) = 12 - 4*l + 5*l + 4*l - 11. Let h be v(-3). Is h*((-21)/6 - -3) a prime number?
True
Suppose -8*u + 198 = 14*u. Is u a composite number?
True
Is -6*(321698/(-312))/((-1)/(-4)) prime?
False
Let q = -2 + 4. Suppose 3 = 2*d + 5*m - 3, q*m = 0. Suppose -u = 4*x - 369, -u + d*x = -3*u + 748. Is u prime?
False
Let h(a) = 15*a + 26. Let m(v) = v - 1. Let t = -17 - -13. Let n(g) = t*m(g) - h(g). Is n(-7) a composite number?
True
Suppose 332 = -i + 1166. Suppose -3*v = i - 138. Is ((-9)/12)/(2/v) composite?
True
Suppose 3*u - 2787 - 17685 = 0. Let b be u/3 + 21/63. Suppose 5*a - b = -10. Is a a prime number?
False
Suppose 5*x - 4*x = 0. Suppose x = -4*k + 1